{"id":20,"date":"2024-05-24T10:07:32","date_gmt":"2024-05-24T14:07:32","guid":{"rendered":"http:\/\/localhost\/christopher_nolan\/?page_id=20"},"modified":"2024-06-02T17:56:47","modified_gmt":"2024-06-02T21:56:47","slug":"page-daccueil","status":"publish","type":"page","link":"https:\/\/1424725.cpsw-fcsei.com\/synthese\/","title":{"rendered":"Page d&#8217;accueil"},"content":{"rendered":"\n<div style=\"background-image:url(&apos;http:\/\/localhost\/christopher_nolan\/wp-content\/uploads\/2024\/05\/peakpx-1.jpg&apos;);background-position:31% 52%;background-repeat:no-repeat;background-size:cover;\" class=\"wp-block-group alignfull has-global-padding is-layout-constrained wp-block-group-is-layout-constrained has-background\">\n<div class=\"wp-block-cover alignfull is-light wp-duotone-unset-3\" style=\"border-style:none;border-width:0px;border-radius:0px;margin-top:0;margin-bottom:0;padding-top:var(--wp--preset--spacing--10);padding-right:0;padding-bottom:var(--wp--preset--spacing--10);padding-left:var(--wp--preset--spacing--30);min-height:50px;aspect-ratio:unset;\"><span aria-hidden=\"true\" class=\"wp-block-cover__background has-black-background-color has-background-dim-0 has-background-dim\"><\/span><div class=\"wp-block-cover__inner-container is-layout-flow wp-block-cover-is-layout-flow\">\n<div class=\"wp-block-group alignwide has-base-color has-text-color has-link-color wp-elements-580623d6549e10525e60f041efd140fd is-content-justification-space-between is-layout-flex wp-container-core-group-is-layout-274a7a27 wp-block-group-is-layout-flex\" style=\"margin-top:0;margin-bottom:0\">\n<div class=\"wp-block-group is-layout-flex wp-container-core-group-is-layout-4aee9145 wp-block-group-is-layout-flex\" style=\"padding-right:var(--wp--preset--spacing--30);padding-left:var(--wp--preset--spacing--30)\"><div class=\"is-style-default wp-block-site-logo\"><a href=\"https:\/\/1424725.cpsw-fcsei.com\/synthese\/\" class=\"custom-logo-link\" rel=\"home\"><img loading=\"lazy\" decoding=\"async\" width=\"60\" height=\"60\" src=\"https:\/\/1424725.cpsw-fcsei.com\/synthese\/wp-content\/uploads\/2024\/05\/vecteezy_pop-corn-food_24090501-1.png\" class=\"custom-logo\" alt=\"Christopher Nolan\" \/><\/a><\/div>\n\n<h1 class=\"has-link-color wp-elements-e24c80986e13ab3d929b38d6b46e3019 wp-block-site-title has-text-color has-white-color has-medium-font-size\"><a href=\"https:\/\/1424725.cpsw-fcsei.com\/synthese\" target=\"_self\" rel=\"home\">Christopher Nolan<\/a><\/h1><\/div>\n\n\n<nav class=\"has-text-color has-custom-couleur-3-color is-responsive items-justified-right wp-block-navigation is-horizontal is-content-justification-right is-layout-flex wp-container-core-navigation-is-layout-7b030631 wp-block-navigation-is-layout-flex\" aria-label=\"Navigation\" \n\t\t data-wp-interactive=\"core\/navigation\" data-wp-context='{\"overlayOpenedBy\":{\"click\":false,\"hover\":false,\"focus\":false},\"type\":\"overlay\",\"roleAttribute\":\"\",\"ariaLabel\":\"Menu\"}'><button aria-haspopup=\"dialog\" aria-label=\"Open menu\" class=\"wp-block-navigation__responsive-container-open\" \n\t\t\t\tdata-wp-on--click=\"actions.openMenuOnClick\"\n\t\t\t\tdata-wp-on--keydown=\"actions.handleMenuKeydown\"\n\t\t\t><svg width=\"24\" height=\"24\" xmlns=\"http:\/\/www.w3.org\/2000\/svg\" viewBox=\"0 0 24 24\" aria-hidden=\"true\" focusable=\"false\"><path d=\"M4 7.5h16v1.5H4z\"><\/path><path d=\"M4 15h16v1.5H4z\"><\/path><\/svg><\/button>\n\t\t\t\t<div class=\"wp-block-navigation__responsive-container\"  id=\"modal-1\" \n\t\t\t\tdata-wp-class--has-modal-open=\"state.isMenuOpen\"\n\t\t\t\tdata-wp-class--is-menu-open=\"state.isMenuOpen\"\n\t\t\t\tdata-wp-watch=\"callbacks.initMenu\"\n\t\t\t\tdata-wp-on--keydown=\"actions.handleMenuKeydown\"\n\t\t\t\tdata-wp-on--focusout=\"actions.handleMenuFocusout\"\n\t\t\t\ttabindex=\"-1\"\n\t\t\t>\n\t\t\t\t\t<div class=\"wp-block-navigation__responsive-close\" tabindex=\"-1\">\n\t\t\t\t\t\t<div class=\"wp-block-navigation__responsive-dialog\" \n\t\t\t\tdata-wp-bind--aria-modal=\"state.ariaModal\"\n\t\t\t\tdata-wp-bind--aria-label=\"state.ariaLabel\"\n\t\t\t\tdata-wp-bind--role=\"state.roleAttribute\"\n\t\t\t>\n\t\t\t\t\t\t\t<button aria-label=\"Close menu\" class=\"wp-block-navigation__responsive-container-close\" \n\t\t\t\tdata-wp-on--click=\"actions.closeMenuOnClick\"\n\t\t\t><svg xmlns=\"http:\/\/www.w3.org\/2000\/svg\" viewBox=\"0 0 24 24\" width=\"24\" height=\"24\" aria-hidden=\"true\" focusable=\"false\"><path d=\"m13.06 12 6.47-6.47-1.06-1.06L12 10.94 5.53 4.47 4.47 5.53 10.94 12l-6.47 6.47 1.06 1.06L12 13.06l6.47 6.47 1.06-1.06L13.06 12Z\"><\/path><\/svg><\/button>\n\t\t\t\t\t\t\t<div class=\"wp-block-navigation__responsive-container-content\" \n\t\t\t\tdata-wp-watch=\"callbacks.focusFirstElement\"\n\t\t\t id=\"modal-1-content\">\n\t\t\t\t\t\t\t\t<ul class=\"wp-block-navigation__container has-text-color has-custom-couleur-3-color is-responsive items-justified-right wp-block-navigation\"><li class=\" wp-block-navigation-item wp-block-navigation-link\"><a class=\"wp-block-navigation-item__content\"  href=\"https:\/\/1424725.cpsw-fcsei.com\/synthese\/\"><span class=\"wp-block-navigation-item__label\">Page d\u2019accueil<\/span><\/a><\/li><li class=\" wp-block-navigation-item is-style-default wp-block-navigation-link\"><a class=\"wp-block-navigation-item__content\"  href=\"https:\/\/1424725.cpsw-fcsei.com\/synthese\/filmographie\/\"><span class=\"wp-block-navigation-item__label\">Filmographie<\/span><\/a><\/li><li class=\" wp-block-navigation-item wp-block-navigation-link\"><a class=\"wp-block-navigation-item__content\"  href=\"https:\/\/1424725.cpsw-fcsei.com\/synthese\/acteurs\/\"><span class=\"wp-block-navigation-item__label\">Acteurs<\/span><\/a><\/li><li class=\" wp-block-navigation-item wp-block-navigation-link\"><a class=\"wp-block-navigation-item__content\"  href=\"https:\/\/1424725.cpsw-fcsei.com\/synthese\/a-propos\/\"><span class=\"wp-block-navigation-item__label\">\u00c0 propos<\/span><\/a><\/li><\/ul>\n\t\t\t\t\t\t\t<\/div>\n\t\t\t\t\t\t<\/div>\n\t\t\t\t\t<\/div>\n\t\t\t\t<\/div><\/nav><\/div>\n\n\n\n<div class=\"wp-block-columns is-layout-flex wp-container-core-columns-is-layout-ef350914 wp-block-columns-is-layout-flex\" style=\"padding-top:var(--wp--preset--spacing--30);padding-bottom:var(--wp--preset--spacing--30)\">\n<div class=\"wp-block-column is-vertically-aligned-center is-layout-flow wp-container-core-column-is-layout-d947310e wp-block-column-is-layout-flow\" style=\"padding-top:var(--wp--preset--spacing--50);padding-right:var(--wp--preset--spacing--20);padding-bottom:var(--wp--preset--spacing--50);padding-left:var(--wp--preset--spacing--20);flex-basis:40%\">\n<h2 class=\"wp-block-heading anim1 has-custom-couleur-3-color has-text-color has-link-color has-x-large-font-size wp-elements-301ebe0f66b3b19f1faeeb04cfa25b85\">Vous aussi vous \u00eates fan de Christopher Nolan ? D\u00e9couvrez davantage sur sa vie et ses r\u00e9alisations cin\u00e9matographiques!<\/h2>\n\n\n\n<p class=\"anim2 has-custom-couleur-4-color has-text-color has-link-color wp-elements-da6eaa77c0ce4997af5175fedfc533f5\">D\u00e9couvrez plein d&#8217;anecdotes de tournage \u2026.<\/p>\n\n\n\n<div class=\"wp-block-buttons anim3 is-horizontal is-content-justification-left is-layout-flex wp-container-core-buttons-is-layout-f760a2e1 wp-block-buttons-is-layout-flex\">\n<div class=\"wp-block-button has-custom-font-size is-style-fill has-medium-font-size\"><a class=\"wp-block-button__link has-custom-couleur-3-color has-custom-couleur-5-background-color has-text-color has-background has-link-color wp-element-button\" href=\"https:\/\/1424725.cpsw-fcsei.com\/synthese\/filmographie\/\" style=\"padding-right:var(--wp--preset--spacing--20);padding-left:var(--wp--preset--spacing--20)\">Filmographie<\/a><\/div>\n\n\n\n<div class=\"wp-block-button has-custom-font-size is-style-outline has-medium-font-size is-style-outline--2\"><a class=\"wp-block-button__link has-custom-couleur-3-color has-text-color has-link-color wp-element-button\" href=\"#infolettre\" style=\"border-width:2px;padding-right:var(--wp--preset--spacing--10);padding-left:var(--wp--preset--spacing--10)\">Infolettre<\/a><\/div>\n<\/div>\n<\/div>\n<\/div>\n<\/div><\/div>\n<\/div>\n\n\n\n<div class=\"wp-block-group alignwide has-global-padding is-layout-constrained wp-block-group-is-layout-constrained\" style=\"padding-top:var(--wp--preset--spacing--40);padding-bottom:0\">\n<h2 class=\"wp-block-heading has-text-align-center\">Filmographie<\/h2>\n\n\n\n<p class=\"has-text-align-center has-custom-couleur-4-color has-text-color has-link-color wp-elements-8f62ea3696edb86204a0d1bebb4dd0bd\">Postes r\u00e9cents<\/p>\n\n\n\n<hr class=\"wp-block-separator aligncenter has-alpha-channel-opacity is-style-wide\" style=\"margin-top:var(--wp--preset--spacing--30);margin-bottom:var(--wp--preset--spacing--40)\"\/>\n<\/div>\n\n\n\n<div class=\"wp-block-query alignwide is-layout-flow wp-block-query-is-layout-flow\"><ul class=\"has-link-color columns-2 wp-elements-d05b7e00428b00b7ecb91a04419390f2 wp-block-post-template has-text-color has-custom-couleur-3-color is-layout-grid wp-container-core-post-template-is-layout-ac66423c wp-block-post-template-is-layout-grid\"><li class=\"wp-block-post post-300 film type-film status-publish has-post-thumbnail hentry categorie_film-drame categorie_film-historique\">\n\n<div class=\"wp-block-columns are-vertically-aligned-center is-layout-flex wp-container-core-columns-is-layout-6a361493 wp-block-columns-is-layout-flex wp-elements-d05b7e00428b00b7ecb91a04419390f2\" style=\"margin-top:0;margin-bottom:0;padding-right:0;padding-left:var(--wp--preset--spacing--60)\">\n<div class=\"wp-block-column is-vertically-aligned-center is-layout-flow wp-block-column-is-layout-flow\" style=\"flex-basis:25%\"><figure class=\"wp-block-post-featured-image\"><a href=\"https:\/\/1424725.cpsw-fcsei.com\/synthese\/film\/oppenheimer\/\" target=\"_self\"  ><img loading=\"lazy\" decoding=\"async\" width=\"1920\" height=\"2688\" src=\"https:\/\/1424725.cpsw-fcsei.com\/synthese\/wp-content\/uploads\/2024\/05\/wp12552494-oppenheimer-movie-wallpapers.jpg\" class=\"attachment-post-thumbnail size-post-thumbnail wp-post-image\" alt=\"Oppenheimer\" style=\"object-fit:cover;\" \/><\/a><\/figure><\/div>\n\n\n\n<div class=\"wp-block-column is-vertically-aligned-center is-layout-flow wp-block-column-is-layout-flow\" style=\"flex-basis:75%\"><h2 class=\"wp-block-post-title\"><a href=\"https:\/\/1424725.cpsw-fcsei.com\/synthese\/film\/oppenheimer\/\" target=\"_self\" >Oppenheimer<\/a><\/h2><\/div>\n<\/div>\n\n<\/li><li class=\"wp-block-post post-142 film type-film status-publish has-post-thumbnail hentry categorie_film-action categorie_film-drame categorie_film-historique\">\n\n<div class=\"wp-block-columns are-vertically-aligned-center is-layout-flex wp-container-core-columns-is-layout-6a361493 wp-block-columns-is-layout-flex wp-elements-d05b7e00428b00b7ecb91a04419390f2\" style=\"margin-top:0;margin-bottom:0;padding-right:0;padding-left:var(--wp--preset--spacing--60)\">\n<div class=\"wp-block-column is-vertically-aligned-center is-layout-flow wp-block-column-is-layout-flow\" style=\"flex-basis:25%\"><figure class=\"wp-block-post-featured-image\"><a href=\"https:\/\/1424725.cpsw-fcsei.com\/synthese\/film\/dunkerque\/\" target=\"_self\"  ><img loading=\"lazy\" decoding=\"async\" width=\"1080\" height=\"1920\" src=\"https:\/\/1424725.cpsw-fcsei.com\/synthese\/wp-content\/uploads\/2024\/05\/peakpx-2.jpg\" class=\"attachment-post-thumbnail size-post-thumbnail wp-post-image\" alt=\"Dunkerque\" style=\"object-fit:cover;\" \/><\/a><\/figure><\/div>\n\n\n\n<div class=\"wp-block-column is-vertically-aligned-center is-layout-flow wp-block-column-is-layout-flow\" style=\"flex-basis:75%\"><h2 class=\"wp-block-post-title\"><a href=\"https:\/\/1424725.cpsw-fcsei.com\/synthese\/film\/dunkerque\/\" target=\"_self\" >Dunkerque<\/a><\/h2><\/div>\n<\/div>\n\n<\/li><li class=\"wp-block-post post-140 film type-film status-publish has-post-thumbnail hentry categorie_film-action categorie_film-aventure categorie_film-science_fiction\">\n\n<div class=\"wp-block-columns are-vertically-aligned-center is-layout-flex wp-container-core-columns-is-layout-6a361493 wp-block-columns-is-layout-flex wp-elements-d05b7e00428b00b7ecb91a04419390f2\" style=\"margin-top:0;margin-bottom:0;padding-right:0;padding-left:var(--wp--preset--spacing--60)\">\n<div class=\"wp-block-column is-vertically-aligned-center is-layout-flow wp-block-column-is-layout-flow\" style=\"flex-basis:25%\"><figure class=\"wp-block-post-featured-image\"><a href=\"https:\/\/1424725.cpsw-fcsei.com\/synthese\/film\/inception\/\" target=\"_self\"  ><img loading=\"lazy\" decoding=\"async\" width=\"1600\" height=\"2370\" src=\"https:\/\/1424725.cpsw-fcsei.com\/synthese\/wp-content\/uploads\/2024\/05\/Inception.jpg\" class=\"attachment-post-thumbnail size-post-thumbnail wp-post-image\" alt=\"Inception\" style=\"object-fit:cover;\" \/><\/a><\/figure><\/div>\n\n\n\n<div class=\"wp-block-column is-vertically-aligned-center is-layout-flow wp-block-column-is-layout-flow\" style=\"flex-basis:75%\"><h2 class=\"wp-block-post-title\"><a href=\"https:\/\/1424725.cpsw-fcsei.com\/synthese\/film\/inception\/\" target=\"_self\" >Inception<\/a><\/h2><\/div>\n<\/div>\n\n<\/li><\/ul><\/div>\n\n\n\n<div class=\"wp-block-group has-global-padding is-layout-constrained wp-block-group-is-layout-constrained\" style=\"margin-top:var(--wp--preset--spacing--30);margin-bottom:var(--wp--preset--spacing--30)\">\n<h2 class=\"wp-block-heading has-text-align-center\">Ses acteurs favoris<\/h2>\n\n\n\n<p class=\"has-text-align-center has-custom-couleur-4-color has-text-color has-link-color wp-elements-8f62ea3696edb86204a0d1bebb4dd0bd\">Postes r\u00e9cents<\/p>\n\n\n\n<hr class=\"wp-block-separator alignwide has-alpha-channel-opacity\" style=\"margin-top:var(--wp--preset--spacing--30);margin-bottom:var(--wp--preset--spacing--40)\"\/>\n<\/div>\n\n\n\n<div class=\"wp-block-query alignwide is-layout-flow wp-block-query-is-layout-flow\"><ul class=\"has-link-color columns-2 wp-elements-d05b7e00428b00b7ecb91a04419390f2 wp-block-post-template has-text-color has-custom-couleur-3-color is-layout-grid wp-container-core-post-template-is-layout-ac66423c wp-block-post-template-is-layout-grid\"><li class=\"wp-block-post post-317 acteur type-acteur status-publish has-post-thumbnail hentry film_joue-batman film_joue-inception\">\n\n<div class=\"wp-block-columns are-vertically-aligned-center is-layout-flex wp-container-core-columns-is-layout-6a361493 wp-block-columns-is-layout-flex wp-elements-d05b7e00428b00b7ecb91a04419390f2\" style=\"margin-top:0;margin-bottom:0;padding-right:0;padding-left:var(--wp--preset--spacing--60)\">\n<div class=\"wp-block-column is-vertically-aligned-center is-layout-flow wp-block-column-is-layout-flow\" style=\"flex-basis:25%\"><figure class=\"wp-block-post-featured-image\"><a href=\"https:\/\/1424725.cpsw-fcsei.com\/synthese\/acteur\/tom-hardy\/\" target=\"_self\"  ><img loading=\"lazy\" decoding=\"async\" width=\"218\" height=\"280\" src=\"https:\/\/1424725.cpsw-fcsei.com\/synthese\/wp-content\/uploads\/2024\/05\/269411_v9_bd.jpg\" class=\"attachment-post-thumbnail size-post-thumbnail wp-post-image\" alt=\"Tom Hardy\" style=\"object-fit:cover;\" \/><\/a><\/figure><\/div>\n\n\n\n<div class=\"wp-block-column is-vertically-aligned-center is-layout-flow wp-block-column-is-layout-flow\" style=\"flex-basis:75%\"><h2 class=\"wp-block-post-title\"><a href=\"https:\/\/1424725.cpsw-fcsei.com\/synthese\/acteur\/tom-hardy\/\" target=\"_self\" >Tom Hardy<\/a><\/h2><\/div>\n<\/div>\n\n<\/li><li class=\"wp-block-post post-169 acteur type-acteur status-publish has-post-thumbnail hentry film_joue-batman\">\n\n<div class=\"wp-block-columns are-vertically-aligned-center is-layout-flex wp-container-core-columns-is-layout-6a361493 wp-block-columns-is-layout-flex wp-elements-d05b7e00428b00b7ecb91a04419390f2\" style=\"margin-top:0;margin-bottom:0;padding-right:0;padding-left:var(--wp--preset--spacing--60)\">\n<div class=\"wp-block-column is-vertically-aligned-center is-layout-flow wp-block-column-is-layout-flow\" style=\"flex-basis:25%\"><figure class=\"wp-block-post-featured-image\"><a href=\"https:\/\/1424725.cpsw-fcsei.com\/synthese\/acteur\/christian-bale\/\" target=\"_self\"  ><img loading=\"lazy\" decoding=\"async\" width=\"800\" height=\"1200\" src=\"https:\/\/1424725.cpsw-fcsei.com\/synthese\/wp-content\/uploads\/2024\/05\/800px-Christian_Bale-7837.jpg\" class=\"attachment-post-thumbnail size-post-thumbnail wp-post-image\" alt=\"Christian Bale\" style=\"object-fit:cover;\" \/><\/a><\/figure><\/div>\n\n\n\n<div class=\"wp-block-column is-vertically-aligned-center is-layout-flow wp-block-column-is-layout-flow\" style=\"flex-basis:75%\"><h2 class=\"wp-block-post-title\"><a href=\"https:\/\/1424725.cpsw-fcsei.com\/synthese\/acteur\/christian-bale\/\" target=\"_self\" >Christian Bale<\/a><\/h2><\/div>\n<\/div>\n\n<\/li><li class=\"wp-block-post post-167 acteur type-acteur status-publish has-post-thumbnail hentry film_joue-batman film_joue-inception film_joue-oppenheimer\">\n\n<div class=\"wp-block-columns are-vertically-aligned-center is-layout-flex wp-container-core-columns-is-layout-6a361493 wp-block-columns-is-layout-flex wp-elements-d05b7e00428b00b7ecb91a04419390f2\" style=\"margin-top:0;margin-bottom:0;padding-right:0;padding-left:var(--wp--preset--spacing--60)\">\n<div class=\"wp-block-column is-vertically-aligned-center is-layout-flow wp-block-column-is-layout-flow\" style=\"flex-basis:25%\"><figure class=\"wp-block-post-featured-image\"><a href=\"https:\/\/1424725.cpsw-fcsei.com\/synthese\/acteur\/cillian-murphy\/\" target=\"_self\"  ><img loading=\"lazy\" decoding=\"async\" width=\"1181\" height=\"1600\" src=\"https:\/\/1424725.cpsw-fcsei.com\/synthese\/wp-content\/uploads\/2024\/05\/Irish-actor-Cillian-Murphy-2017.webp\" class=\"attachment-post-thumbnail size-post-thumbnail wp-post-image\" alt=\"Cillian Murphy\" style=\"object-fit:cover;\" \/><\/a><\/figure><\/div>\n\n\n\n<div class=\"wp-block-column is-vertically-aligned-center is-layout-flow wp-block-column-is-layout-flow\" style=\"flex-basis:75%\"><h2 class=\"wp-block-post-title\"><a href=\"https:\/\/1424725.cpsw-fcsei.com\/synthese\/acteur\/cillian-murphy\/\" target=\"_self\" >Cillian Murphy<\/a><\/h2><\/div>\n<\/div>\n\n<\/li><\/ul><\/div>\n\n\n\n<div class=\"wp-block-group alignwide #infolettre has-custom-couleur-4-background-color has-background has-global-padding is-layout-constrained wp-container-core-group-is-layout-9db24f05 wp-block-group-is-layout-constrained\" id=\"infolettre\" style=\"border-radius:20px;margin-top:var(--wp--preset--spacing--60);margin-bottom:0;padding-top:var(--wp--preset--spacing--30);padding-right:var(--wp--preset--spacing--30);padding-bottom:var(--wp--preset--spacing--30);padding-left:var(--wp--preset--spacing--30)\">\n<div class=\"wp-block-columns alignwide is-layout-flex wp-container-core-columns-is-layout-28f84493 wp-block-columns-is-layout-flex\">\n<div class=\"wp-block-column is-layout-flow wp-container-core-column-is-layout-f5bb311e wp-block-column-is-layout-flow\">\n<h2 class=\"wp-block-heading has-text-align-center has-custom-couleur-1-color has-text-color has-link-color wp-elements-2a863d93c15238715d41fa8bd26a70d1\"><strong>Infolettre<\/strong><\/h2>\n\n\n\n<p class=\"has-text-align-center has-custom-couleur-1-color has-text-color has-link-color wp-elements-dee123e195d363b5e88c47bca59c2327\" style=\"font-size:clamp(0.929rem, 0.929rem + ((1vw - 0.2rem) * 0.785), 1.4rem);\"><strong>Ne manquez aucune aucune information ou nouvelle sur votre r\u00e9alisateur favoris !<\/strong><\/p>\n\n\n\n<p class=\"has-text-align-center has-custom-couleur-1-color has-text-color has-link-color wp-elements-57db176d16df993de4545ae17e787068\" style=\"font-size:clamp(0.984rem, 0.984rem + ((1vw - 0.2rem) * 0.86), 1.5rem);\"><strong><em>Faites partie des fans !<\/em><\/strong><\/p>\n\n\n\n<div class=\"wp-block-buttons is-content-justification-center is-layout-flex wp-container-core-buttons-is-layout-a89b3969 wp-block-buttons-is-layout-flex\">\n<div class=\"wp-block-button has-custom-font-size is-style-fill has-medium-font-size\"><a class=\"wp-block-button__link has-custom-couleur-3-color has-custom-couleur-1-background-color has-text-color has-background has-link-color has-text-align-left wp-element-button\" style=\"border-style:none;border-width:0px\"><strong>Inscrivez vous !<\/strong><\/a><\/div>\n<\/div>\n<\/div>\n\n\n\n<div class=\"wp-block-column is-layout-flow wp-block-column-is-layout-flow\">\n<figure class=\"wp-block-image size-full has-custom-border wp-duotone-unset-4\"><img loading=\"lazy\" decoding=\"async\" width=\"2560\" height=\"1440\" src=\"http:\/\/localhost\/christopher_nolan\/wp-content\/uploads\/2024\/05\/wp1985277-christopher-nolan-wallpapers.jpg\" alt=\"\" class=\"wp-image-187\" style=\"border-radius:15px;aspect-ratio:4\/3;object-fit:cover\"\/><\/figure>\n<\/div>\n<\/div>\n<\/div>\n\n\n\n<hr class=\"wp-block-separator alignwide has-alpha-channel-opacity\" style=\"margin-top:var(--wp--preset--spacing--50);margin-bottom:0\"\/>\n<h3>Le plus grand r\u00e9alisateur...<\/h3>","protected":false},"excerpt":{"rendered":"<p>Filmographie Postes r\u00e9cents Ses acteurs favoris Postes r\u00e9cents Infolettre Ne manquez aucune aucune information ou nouvelle sur votre r\u00e9alisateur favoris ! Faites partie des fans ! Le plus grand r\u00e9alisateur&#8230;<\/p>\n","protected":false},"author":1,"featured_media":0,"parent":0,"menu_order":0,"comment_status":"closed","ping_status":"closed","template":"","meta":{"_acf_changed":false,"footnotes":""},"class_list":["post-20","page","type-page","status-publish","hentry"],"acf":[],"_links":{"self":[{"href":"https:\/\/1424725.cpsw-fcsei.com\/synthese\/wp-json\/wp\/v2\/pages\/20","targetHints":{"allow":["GET"]}}],"collection":[{"href":"https:\/\/1424725.cpsw-fcsei.com\/synthese\/wp-json\/wp\/v2\/pages"}],"about":[{"href":"https:\/\/1424725.cpsw-fcsei.com\/synthese\/wp-json\/wp\/v2\/types\/page"}],"author":[{"embeddable":true,"href":"https:\/\/1424725.cpsw-fcsei.com\/synthese\/wp-json\/wp\/v2\/users\/1"}],"replies":[{"embeddable":true,"href":"https:\/\/1424725.cpsw-fcsei.com\/synthese\/wp-json\/wp\/v2\/comments?post=20"}],"version-history":[{"count":100,"href":"https:\/\/1424725.cpsw-fcsei.com\/synthese\/wp-json\/wp\/v2\/pages\/20\/revisions"}],"predecessor-version":[{"id":363,"href":"https:\/\/1424725.cpsw-fcsei.com\/synthese\/wp-json\/wp\/v2\/pages\/20\/revisions\/363"}],"wp:attachment":[{"href":"https:\/\/1424725.cpsw-fcsei.com\/synthese\/wp-json\/wp\/v2\/media?parent=20"}],"curies":[{"name":"wp","href":"https:\/\/api.w.org\/{rel}","templated":true}]}}